2 - 9*x - 13. Let r be v(-6). Suppose -r*z + 32 = 2*k, -5*z - 10 + 0 = -5*k. Suppose 7 - 421 = -k*h. List the prime factors of h.
3, 23
Let w = 17391 - 9094. What are the prime factors of w?
8297
Let m(u) be the first derivative of -u**4 - 1. Let n be m(-1). Suppose -n*y - 2*y + 534 = 0. What are the prime factors of y?
89
Let k(o) be the first derivative of o**3/3 + o**2 + 12*o - 9. Let l be k(9). Let g = 191 - l. List the prime factors of g.
2, 5
Let x be (20/(-6) - 9/(-27)) + 1391. Suppose -3*g = -2*a - x, 0 = -g - 0*a - 2*a + 468. What are the prime factors of g?
2, 29
Let x = -44706 - -74802. List the prime factors of x.
2, 3, 11, 19
Let x(n) = -n - 29. Let y be x(-16). Let w = y + 15. Suppose z = w*z - 4*s - 39, -4*z - s + 139 = 0. What are the prime factors of z?
5, 7
Let b = 11251 + -4556. List the prime factors of b.
5, 13, 103
Let k be -8 - (-85)/10 - (-6)/4. Suppose -m + 5797 - 1465 = 3*j, k*m = 2*j - 2880. List the prime factors of j.
3, 13, 37
List the prime factors of ((-6498556)/2947)/(-2 + (-24)/(-14)).
2, 17, 227
Suppose 31*v = 28*v + 15. Suppose 6*i = 4*i + v*d + 698, 0 = 5*i + 2*d - 1687. List the prime factors of i.
3, 113
Let p(b) = -15 + 55*b + 94 + 7 + 10. What are the prime factors of p(14)?
2, 433
Suppose -3*i = 3*a + a + 7, -3*a = 5*i - 3. Let p = i + 482. What are the prime factors of p?
5, 97
Let k(h) = -4*h**2 + 34*h + 83. Let g be k(-23). Let v = -1512 - g. What are the prime factors of v?
1303
Let r(o) = -5*o + 134. Let n be r(23). Suppose -n*k + 39*k - 7720 = 0. What are the prime factors of k?
2, 193
Let y(d) = 2*d - 3. Let z(w) = -210*w + 23. Let g(j) = -4*y(j) + z(j). List the prime factors of g(-2).
3, 157
List the prime factors of 27766/((-27)/27)*(1 - 2 - 0).
2, 13883
Suppose -34*f + 750 = -4*f. Suppose -f*c - 2760 = -10485. What are the prime factors of c?
3, 103
What are the prime factors of ((-48)/(-156) + (-9205938)/468)/(1/(-2))?
39341
Suppose -35*f + 41517 = -35903. Suppose 6*r = 4*r + f. List the prime factors of r.
2, 7, 79
Suppose -5*y = 108*s - 113*s + 48575, 38852 = 4*s - 2*y. List the prime factors of s.
3, 13, 83
Suppose -3*y - 150 = 2*y. Let p = -12 - y. What are the prime factors of (2/2)/(p/1116)?
2, 31
Suppose 2*h - 4*v - 34666 + 13994 = 0, 2*v - 31016 = -3*h. List the prime factors of h.
2, 3, 1723
Suppose 0 = 372*q - 368*q + 1056. List the prime factors of q/(-68) + -4 - 6972/(-17).
2, 5, 41
Let b(a) = 61*a**2 + 127*a + 539. List the prime factors of b(-16).
29, 487
Let w = -6825 + 14326. List the prime factors of w.
13, 577
Let g(w) = 28*w - 873. What are the prime factors of g(53)?
13, 47
Suppose 4*b - 10726 = -3*q, -2*q + 7152 = 14*b - 10*b. List the prime factors of q.
2, 1787
Suppose 4201 + 2043 = 14*z. What are the prime factors of z?
2, 223
Let t be 2*((-4)/(-6))/((-12)/9). Let a(g) = -3*g**3 - 9*g**2 + g - 15. Let s(d) = d**3 + d + 1. Let v(l) = t*a(l) - 4*s(l). List the prime factors of v(8).
5, 7
Suppose 32*s - 34*s = -4. Suppose 2*d + 6530 = 5*f - 3*d, 0 = 4*f + s*d - 5224. List the prime factors of f.
2, 653
Suppose p - 1 = 0, -t - 2*p + 26 = 23. List the prime factors of -65 + 58 - (-1542 + t).
2, 13, 59
Let d = 45837 - 28083. What are the prime factors of d?
2, 3, 11, 269
Suppose 91*n - 44*n = 474324. List the prime factors of n.
2, 3, 29
Let l be (390/40 - 9) + 22/(-8). What are the prime factors of l*2/(-4)*150?
2, 3, 5
Let g(r) = 76*r - 42. Let q be g(-5). List the prime factors of (q/(-6) - -1)*(-6)/(-4).
107
Suppose 5*p - 783 = -288. Suppose 2*b + 7*n = 5*n + 78, -3*n - 195 = -5*b. Let r = p - b. What are the prime factors of r?
2, 3, 5
Suppose 16*w - 10*w - 12 = 0. Suppose -w*q = o - 6*o + 2154, 5*o + 4*q - 2172 = 0. What are the prime factors of o?
2, 3
Let g = 665 - 330. Suppose -a - 3896 = -3*r, 2*r - a + g = 2933. List the prime factors of r.
2, 11, 59
Let h = 62 - 60. Suppose -h*z + 28 = 2*u, -z - 8 = z. What are the prime factors of u?
2, 3
Let o = 84 - 82. Suppose o*l - l - 180 = 0. List the prime factors of l.
2, 3, 5
Suppose -3*m + 325 = -86. Let q be m - (2 + -1 + 1). What are the prime factors of (q/(-60))/((-6)/128)?
2, 3
Let x = 21 + -19. Suppose -95 = -x*v + 799. Suppose v = 5*l - 53. What are the prime factors of l?
2, 5
Suppose 7*s = -0*q - 2*q + 179246, 5*s + 4*q = 128020. What are the prime factors of s?
2, 3, 11, 97
Suppose 0 = 2*b - 2*j - 72248 - 9644, 5*j = -2*b + 81857. List the prime factors of b.
3, 4549
Let q = -461 + 462. What are the prime factors of (q/4)/(-3*6/(-45720))?
5, 127
Let a = 11454 - -20309. What are the prime factors of a?
23, 1381
Suppose 0 = 3*f, -4*f - 2 = 4*u - 5*u. Let a = u + 4. Suppose a = -2*q, 9 + 41 = w - 3*q. List the prime factors of w.
41
Let n(h) = h**3 + 10*h**2 + 7*h - 30. Suppose -r = -3*i + 130, -10*i = -5*i + r - 206. Suppose 5*x = 11*x + i. List the prime factors of n(x).
2, 17
Let o = 128 + -96. Let j be o/12*(81/12)/9. Suppose 170 = j*h - h + r, 182 = h - 5*r. List the prime factors of h.
2, 43
Suppose -2*u + 10 = -3*c, 2*u - 13 = -5*c - 3. Suppose -u*b - 36 = -b. What are the prime factors of b/(-27) - (-62)/3?
3, 7
Suppose -7 + 1 = -3*v. Let c = -19597 - -19597. Suppose -5*r = 2*s - 343, -v*s + 358 = -c*s + 2*r. What are the prime factors of s?
2, 23
Let z(b) = 91*b + 22. Let o be z(10). Let y = o + -1357. List the prime factors of y/(-7) - ((-8)/7)/4.
61
Suppose -82*l + n = -84*l + 692, -4*l = 5*n - 1390. Suppose 5*i + 5*t - 8915 = 0, -3*i = t - 5012 - l. What are the prime factors of i?
1787
Let w be ((-9)/21)/(6/(-19194)). Let u = w + -7. List the prime factors of u.
2, 11, 31
Suppose -6430*b + 6465*b = 1288350. What are the prime factors of b?
2, 3, 5, 409
Let l = -137 + 234. Suppose -305 = -a + l. Suppose 4*q + a = 3*n, 5*q + 333 = 3*n - 72. What are the prime factors of n?
2, 5, 13
Suppose 0 = -2*g + o + 1601, -g - 13*o + 800 = -14*o. What are the prime factors of g?
3, 89
Let z be ((-21)/35)/((-1)/15). Let r(y) = 2*y**2 + 56 + z*y**2 - 5*y**2 + y - y**3 - 5*y**2. List the prime factors of r(0).
2, 7
Let j(n) = 2*n**3 + 6*n**2 - 2*n - 6. Let z be j(-3). Suppose z = 5*h - 3*k + 6, -k + 6 = 2*k. List the prime factors of h - 44/(-6)*12.
2, 11
Let v(h) be the third derivative of h**5/30 - 4*h**4/3 - 13*h**3 + 9*h**2. List the prime factors of v(25).
2, 3, 31
Let n = 61 + -59. Suppose -2*y + 3*i - 4 = 0, -2*y - 31 = n*i - 7. What are the prime factors of ((-357)/21)/(2/y)?
2, 17
Let s = -62 + 65. Let r be ((-16)/(-14))/(s/21). Suppose 0 = -3*y + r*y - 210. What are the prime factors of y?
2, 3, 7
Let i(l) = l**2 - 4*l - 14. Let s be i(6). Let t be s/6 - 20/30. Let a = 26 - t. What are the prime factors of a?
3
Suppose 15*t - 42568 = 31112. What are the prime factors of t?
2, 307
Let y be (-637)/14*8/(-28). Let v(t) = 8*t - 7*t - 22 + 11*t. List the prime factors of v(y).
2, 67
Let j(c) = -19*c**3 - 4*c**2 + 3*c + 1. Let x be j(-3). What are the prime factors of -10 + x - (-1 - (-1)/(-1))?
461
Let l(v) = 3*v**2 - 53*v + 37. Let f be l(17). Suppose 9*q - 2261 = 5*q - f*k, 3*q = k + 1686. List the prime factors of q.
563
Suppose -5*g + 3*m = -80478 + 19719, -2*m = 5*g - 60744. List the prime factors of g.
2, 3, 5
Suppose -5*p - b = 6156, 1291 - 3747 = 2*p + 2*b. Let m = p - -1737. Suppose -y - 2*y - 165 = -t, -3*t - y = -m. What are the prime factors of t?
2, 3, 7
Suppose -38*u + 173059 = -32*u + 7573. What are the prime factors of u?
27581
Let t(d) be the second derivative of -93*d**5/4 + d**4/6 + 5*d**3/6 + 5*d**2/2 - 162*d. What are the prime factors of t(-1)?
467
Let p(j) = 182*j - 49. Let d be p(5). Let g = d + -637. What are the prime factors of g?
2, 7
Let c(x) = -4*x + 2. Let p be c(-2). Suppose 8*j + p = 42. Suppose 4*t + t - 146 = -a, j*a - 602 = -2*t. List the prime factors of a.
151
Let w(o) = o**3 - o**2 - o. Let a be w(2). Suppose 4*s = 4*k + 306 + 306, -3*k + 326 = a*s. Suppose -s + 52 = -3*n. List the prime factors of n.
5, 7
Let l(w) = 19*w**2 + 14*w**2 - 27*w + w**3 - 5 - 12*w**2. Let m be 5/(-20) - (-4)/(16/(-87)). What are the prime factors of l(m)?
3, 5, 7
Let d(z) = 3*z - 1. Let j be d(4). Let n be (-1)/2 - 1/((-2)/j). Suppose 6*y - n*y - 114 = 0. What are the prime factors of y?
2, 3, 19
Let t(r) be the first derivative of 2/3*r**3 - 22 + r**2 + r. What are the prime factors of 